{"id":242,"date":"2020-06-16T15:18:44","date_gmt":"2020-06-16T13:18:44","guid":{"rendered":"https:\/\/www.chaletauborddulac.fr\/?page_id=242"},"modified":"2021-07-26T15:45:06","modified_gmt":"2021-07-26T13:45:06","slug":"les-chambres","status":"publish","type":"page","link":"https:\/\/chaletauborddulac.fr\/index.php\/les-chambres\/","title":{"rendered":"Les chambres"},"content":{"rendered":"<p><section class=\"kc-elm kc-css-926093 kc_row\"><div class=\"kc-row-container  kc-container\"><div class=\"kc-wrap-columns\"><div class=\"kc-elm kc-css-590604 kc_col-sm-12 kc_column kc_col-sm-12\"><div class=\"kc-col-container\">\n<div class=\"kc-elm kc-css-845522 kc-title-wrap \">\n\n\t<h2 class=\"kc_title\">LES CHAMBRES<\/h2>\n<\/div>\n<\/div><\/div><\/div><\/div><\/section><section class=\"kc-elm kc-css-71938 kc_row\"><div class=\"kc-row-container  kc-container\"><div class=\"kc-wrap-columns\"><div class=\"kc-elm kc-css-340670 kc_col-sm-5 kc_column kc_col-sm-5\"><div class=\"kc-col-container\"><div class=\"kc-elm kc-css-325375 kc_shortcode kc_single_image\">\n\n        <img decoding=\"async\" src=\"https:\/\/chaletauborddulac.fr\/wp-content\/uploads\/2020\/06\/chambre-lac.jpg\" class=\"\" alt=\"\" \/>    <\/div>\n<\/div><\/div><div class=\"kc-elm kc-css-83004 kc_col-sm-3 kc_column kc_col-sm-3\"><div class=\"kc-col-container\">\n<div class=\"kc-elm kc-css-989376 kc-title-wrap \">\n\n\t<h1 class=\"kc_title\">LES CHAMBRES VUE SUR LE LAC<\/h1>\n<\/div>\n\n<div class=\"kc-elm kc-css-521601 divider_line\">\n\t<div class=\"divider_inner divider_line1\">\n\t\t\t<\/div>\n<\/div>\n\n<div class=\"kc-elm kc-css-901746 kc-title-wrap \">\n\n\t<h2 class=\"kc_title\">Charme et authenticit\u00e9<\/h2>\n<\/div>\n<\/div><\/div><div class=\"kc-elm kc-css-712867 kc_col-sm-4 kc_column kc_col-sm-4\"><div class=\"kc-col-container\"><div class=\"kc-elm kc-css-14477 kc_text_block\"><\/p>\n<p>\n<strong>Nos chambres vue sur le lac vous charmeront par leur authenticit\u00e9 !<\/strong><\/p>\n<p>Vous profiterez du balcon pour respirer le grand air des Vosges ,et le soir venu, vous admirerez les couchers de soleil sur G\u00e9rardmer et son lac. Au matin, une vue \u00e0 couper le souffle s&#039;offre \u00e0 vous, sur le lac de G\u00e9rardmer et les splendides couleurs du lever de soleil. Nos chambres disposent de salles d&#039;eau et de toilettes privatives, leur capacit\u00e9 est d&#039;1 \u00e0 4 personnes.<\/p>\n<p>\n<\/div><\/div><\/div><\/div><\/div><\/section><section class=\"kc-elm kc-css-978087 kc_row\"><div class=\"kc-row-container  kc-container\"><div class=\"kc-wrap-columns\"><div class=\"kc-elm kc-css-796431 kc_col-sm-12 kc_column kc_col-sm-12\"><div class=\"kc-col-container\"><div class=\"kc-elm kc-css-137867\" style=\"height: 51px; clear: both; width:100%;\"><\/div><\/div><\/div><\/div><\/div><\/section><section class=\"kc-elm kc-css-434994 kc_row\"><div class=\"kc-row-container  kc-container\"><div class=\"kc-wrap-columns\"><div class=\"kc-elm kc-css-85920 kc_col-sm-5 kc_column kc_col-sm-5\"><div class=\"kc-col-container\"><div class=\"kc-elm kc-css-323460 kc_text_block\"><\/p>\n<p>\n<strong>Les chambres vue sur le Mini-golf vous offrent une fen\u00eatre sur la nature\u00a0!<\/strong><\/p>\n<p>Au Chalet au bord du lac vous pouvez oublier le bruit de la circulation, le stress et le quotidien. Nos chambres vue sur le mini-golf vous offriront une atmosph\u00e8re calme et reposante. Ces cocons, pouvant accueillir d\u20191 \u00e0 4 personnes, respirent la tranquillit\u00e9 et poss\u00e8dent tous une salle d\u2019eau avec toilettes privatives.<\/p>\n<p>\n<\/div><\/div><\/div><div class=\"kc-elm kc-css-27304 kc_col-sm-3 kc_column kc_col-sm-3\"><div class=\"kc-col-container\">\n<div class=\"kc-elm kc-css-385225 kc-title-wrap \">\n\n\t<h1 class=\"kc_title\">LES CHAMBRES VUE SUR LE MINI GOLF<\/h1>\n<\/div>\n\n<div class=\"kc-elm kc-css-365154 divider_line\">\n\t<div class=\"divider_inner divider_line1\">\n\t\t\t<\/div>\n<\/div>\n\n<div class=\"kc-elm kc-css-503836 kc-title-wrap \">\n\n\t<h2 class=\"kc_title\">Une fen\u00eatre sur la nature <\/h2>\n<\/div>\n<\/div><\/div><div class=\"kc-elm kc-css-561518 kc_col-sm-4 kc_column kc_col-sm-4\"><div class=\"kc-col-container\"><div class=\"kc-elm kc-css-98643 kc_shortcode kc_single_image\">\n\n        <img decoding=\"async\" src=\"https:\/\/chaletauborddulac.fr\/wp-content\/uploads\/2020\/09\/CHAMBRE-VUE-GOLF-2-scaled.jpg\" class=\"\" alt=\"\" \/>    <\/div>\n<\/div><\/div><\/div><\/div><\/section><section class=\"kc-elm kc-css-762549 kc_row\"><div class=\"kc-row-container  kc-container\"><div class=\"kc-wrap-columns\"><div class=\"kc-elm kc-css-504413 kc_col-sm-12 kc_column kc_col-sm-12\"><div class=\"kc-col-container\"><div class=\"kc-elm kc-css-643409\" style=\"height: 51px; clear: both; width:100%;\"><\/div><\/div><\/div><\/div><\/div><\/section><section class=\"kc-elm kc-css-573723 kc_row\"><div class=\"kc-row-container  kc-container\"><div class=\"kc-wrap-columns\"><div class=\"kc-elm kc-css-397003 kc_col-sm-5 kc_column kc_col-sm-5\"><div class=\"kc-col-container\"><div class=\"kc-elm kc-css-332477 kc_shortcode kc_single_image\">\n\n        <img decoding=\"async\" src=\"https:\/\/chaletauborddulac.fr\/wp-content\/uploads\/2020\/06\/chambre-pmr-1.jpeg\" class=\"\" alt=\"\" \/>    <\/div>\n<\/div><\/div><div class=\"kc-elm kc-css-169880 kc_col-sm-3 kc_column kc_col-sm-3\"><div class=\"kc-col-container\">\n<div class=\"kc-elm kc-css-517847 kc-title-wrap \">\n\n\t<h1 class=\"kc_title\">LES CHAMBRES POUR LES PERSONNES A MOBILIT\u00c9 R\u00c9DUITE <\/h1>\n<\/div>\n\n<div class=\"kc-elm kc-css-295543 divider_line\">\n\t<div class=\"divider_inner divider_line1\">\n\t\t\t<\/div>\n<\/div>\n\n<div class=\"kc-elm kc-css-65041 kc-title-wrap \">\n\n\t<h2 class=\"kc_title\">Quand le fonctionnel rencontre la douceur<\/h2>\n<\/div>\n<\/div><\/div><div class=\"kc-elm kc-css-167350 kc_col-sm-4 kc_column kc_col-sm-4\"><div class=\"kc-col-container\"><div class=\"kc-elm kc-css-66209 kc_text_block\"><\/p>\n<p>\n<strong>Vous serez enthousiasm\u00e9 par nos chambres PMR, en deux mots : douceur et accessibilit\u00e9.<em>\u00a0<\/em><\/strong><\/p>\n<p>La d\u00e9coration et l\u2019agencement ont \u00e9t\u00e9 pens\u00e9s pour que votre s\u00e9jour se passe sans encombre. Les larges salles d\u2019eau et toilettes privatives faciliteront votre escale au Chalet au bord du lac. En bref, nos deux chambres PMR, pouvant accueillir deux personnes, sont synonymes de vacances sans soucis !<\/p>\n<p>\n<\/div><\/div><\/div><\/div><\/div><\/section><section class=\"kc-elm kc-css-636928 kc_row\"><div class=\"kc-row-container  kc-container\"><div class=\"kc-wrap-columns\"><div class=\"kc-elm kc-css-614877 kc_col-sm-12 kc_column kc_col-sm-12\"><div class=\"kc-col-container\"><div class=\"kc-elm kc-css-129672\" style=\"height: 99px; clear: both; width:100%;\"><\/div><\/div><\/div><\/div><\/div><\/section><section class=\"kc-elm kc-css-480808 kc_row\"><div class=\"kc-row-container  kc-container\"><div class=\"kc-wrap-columns\"><div class=\"kc-elm kc-css-727534 kc_col-sm-12 kc_column kc_col-sm-12\"><div class=\"kc-col-container\">\n<div class=\"kc-elm kc-css-825270 kc-title-wrap \">\n\n\t<h2 class=\"kc_title\">NOS SERVICES<\/h2>\n<\/div>\n<\/div><\/div><\/div><\/div><\/section><section class=\"kc-elm kc-css-805707 kc_row\"><div class=\"kc-row-container  kc-container\"><div class=\"kc-wrap-columns\"><div class=\"kc-elm kc-css-333905 kc_col-sm-12 kc_column kc_col-sm-12\"><div class=\"kc-col-container\"><div data-open-on-mouseover=\"\" data-tab-active=\"1\" data-effect-option=\"\" class=\"kc-elm kc-css-261376 kc_tabs group\">\n\t<div class=\"kc_wrapper ui-tabs kc_clearfix\">\n\t\t<ul class=\"kc_tabs_nav ui-tabs-nav kc_clearfix\">\n\t\t\t<li><a href=\"#\" data-prevent=\"scroll\">Pr\u00eat de mat\u00e9riels<\/a><\/li><li><a href=\"#\" data-prevent=\"scroll\">Loisirs au Chalet au bord du lac<\/a><\/li><li><a href=\"#\" data-prevent=\"scroll\">Equipements<\/a><\/li><li><a href=\"#\" data-prevent=\"scroll\">Informations pratiques<\/a><\/li>\t\t<\/ul>\n\t\t<div id=\"pret-de-materiels\" class=\"kc-elm kc-css-903748 kc_tab ui-tabs-panel kc_ui-tabs-hide kc_clearfix \"><div class=\"kc_tab_content\"><div class=\"kc-elm kc-css-282813 kc_text_block\"><\/p>\n<p>\n<strong>Sur demande \u00e0 la r\u00e9ception :<\/strong><\/p>\n<p>S\u00e8ches cheveux<\/p>\n<p>Ventilateurs<\/p>\n<p>Multi prises<\/p>\n<p>\n<\/div><\/div><\/div><div id=\"loisirs-au-chalet-au-bord-du-lac\" class=\"kc-elm kc-css-747233 kc_tab ui-tabs-panel kc_ui-tabs-hide kc_clearfix \"><div class=\"kc_tab_content\"><div class=\"kc-elm kc-css-208438 kc_text_block\"><\/p>\n<p>Le chalet au bord du lac poss\u00e8de une salle de jeux commune en rez-de-jardin avec baby-foot, billard, ping-pong \u2026<\/p>\n<p>L\u2019\u00e9t\u00e9 nous mettons \u00e0 disposition gratuitement au client de l\u2019h\u00f4tel : un p\u00e9dalo, un cano\u00eb et une barque (port du gilet de sauvetage obligatoire, sous r\u00e9serve de disponibilit\u00e9).<\/p>\n<p><strong>INDISPONIBLES POUR CAUSES SANITAIRES<\/strong><\/p>\n<p>\n<\/div><\/div><\/div><div id=\"equipements\" class=\"kc-elm kc-css-594597 kc_tab ui-tabs-panel kc_ui-tabs-hide kc_clearfix \"><div class=\"kc_tab_content\"><div class=\"kc-elm kc-css-496980 kc_text_block\"><\/p>\n<p>\nParking priv\u00e9 et gratuit pour nos clients.<\/p>\n<p>Pour faciliter le s\u00e9jour des petits et des grands au Chalet au bord du lac, sur demande nous pouvons \u00e9quiper les chambres d&#039;un lit et d&#039;une baignoire pour b\u00e9b\u00e9 et nous disposons de chaises hautes au restaurant.<\/p>\n<p>Possibilit\u00e9 de louer un l\u00e8ve personne chez un prestataire de G\u00e9rardmer (livraison au Chalet avant votre arriv\u00e9e).<\/p>\n<p>\n<\/div><\/div><\/div><div id=\"informations-pratiques\" class=\"kc-elm kc-css-464020 kc_tab ui-tabs-panel kc_ui-tabs-hide kc_clearfix \"><div class=\"kc_tab_content\"><div class=\"kc-elm kc-css-369907 kc_text_block\"><\/p>\n<p>\nNos amis les animaux ne sont pas admis dans l&#039;\u00e9tablissement.<\/p>\n<p>\n<\/div><\/div><\/div>\t<\/div>\n<\/div>\n\n\n<\/div><\/div><\/div><\/div><\/section><\/p>\n","protected":false},"excerpt":{"rendered":"","protected":false},"author":1,"featured_media":0,"parent":0,"menu_order":0,"comment_status":"closed","ping_status":"closed","template":"template-page-builder-no-sidebar.php","meta":{"_exactmetrics_skip_tracking":false,"_exactmetrics_sitenote_active":false,"_exactmetrics_sitenote_note":"","_exactmetrics_sitenote_category":0,"footnotes":""},"class_list":["post-242","page","type-page","status-publish","hentry","even"],"_links":{"self":[{"href":"https:\/\/chaletauborddulac.fr\/index.php\/wp-json\/wp\/v2\/pages\/242"}],"collection":[{"href":"https:\/\/chaletauborddulac.fr\/index.php\/wp-json\/wp\/v2\/pages"}],"about":[{"href":"https:\/\/chaletauborddulac.fr\/index.php\/wp-json\/wp\/v2\/types\/page"}],"author":[{"embeddable":true,"href":"https:\/\/chaletauborddulac.fr\/index.php\/wp-json\/wp\/v2\/users\/1"}],"replies":[{"embeddable":true,"href":"https:\/\/chaletauborddulac.fr\/index.php\/wp-json\/wp\/v2\/comments?post=242"}],"version-history":[{"count":164,"href":"https:\/\/chaletauborddulac.fr\/index.php\/wp-json\/wp\/v2\/pages\/242\/revisions"}],"predecessor-version":[{"id":1227,"href":"https:\/\/chaletauborddulac.fr\/index.php\/wp-json\/wp\/v2\/pages\/242\/revisions\/1227"}],"wp:attachment":[{"href":"https:\/\/chaletauborddulac.fr\/index.php\/wp-json\/wp\/v2\/media?parent=242"}],"curies":[{"name":"wp","href":"https:\/\/api.w.org\/{rel}","templated":true}]}}

<p><section class="kc-elm kc-css-926093 kc_row"><div class="kc-row-container  kc-container"><div class="kc-wrap-columns"><div class="kc-elm kc-css-590604 kc_col-sm-12 kc_column kc_col-sm-12"><div class="kc-col-container">
<div class="kc-elm kc-css-845522 kc-title-wrap ">

	<h2 class="kc_title">LES CHAMBRES</h2>
</div>
</div></div></div></div></section><section class="kc-elm kc-css-71938 kc_row"><div class="kc-row-container  kc-container"><div class="kc-wrap-columns"><div class="kc-elm kc-css-340670 kc_col-sm-5 kc_column kc_col-sm-5"><div class="kc-col-container"><div class="kc-elm kc-css-325375 kc_shortcode kc_single_image">

        <img decoding="async" src="https://chaletauborddulac.fr/wp-content/uploads/2020/06/chambre-lac.jpg" class="" alt="" />    </div>
</div></div><div class="kc-elm kc-css-83004 kc_col-sm-3 kc_column kc_col-sm-3"><div class="kc-col-container">
<div class="kc-elm kc-css-989376 kc-title-wrap ">

	<h1 class="kc_title">LES CHAMBRES VUE SUR LE LAC</h1>
</div>

<div class="kc-elm kc-css-521601 divider_line">
	<div class="divider_inner divider_line1">
			</div>
</div>

<div class="kc-elm kc-css-901746 kc-title-wrap ">

	<h2 class="kc_title">Charme et authenticité</h2>
</div>
</div></div><div class="kc-elm kc-css-712867 kc_col-sm-4 kc_column kc_col-sm-4"><div class="kc-col-container"><div class="kc-elm kc-css-14477 kc_text_block"></p>
<p>
<strong>Nos chambres vue sur le lac vous charmeront par leur authenticité !</strong></p>
<p>Vous profiterez du balcon pour respirer le grand air des Vosges ,et le soir venu, vous admirerez les couchers de soleil sur Gérardmer et son lac. Au matin, une vue à couper le souffle s&#039;offre à vous, sur le lac de Gérardmer et les splendides couleurs du lever de soleil. Nos chambres disposent de salles d&#039;eau et de toilettes privatives, leur capacité est d&#039;1 à 4 personnes.</p>
<p>
</div></div></div></div></div></section><section class="kc-elm kc-css-978087 kc_row"><div class="kc-row-container  kc-container"><div class="kc-wrap-columns"><div class="kc-elm kc-css-796431 kc_col-sm-12 kc_column kc_col-sm-12"><div class="kc-col-container"><div class="kc-elm kc-css-137867" style="height: 51px; clear: both; width:100%;"></div></div></div></div></div></section><section class="kc-elm kc-css-434994 kc_row"><div class="kc-row-container  kc-container"><div class="kc-wrap-columns"><div class="kc-elm kc-css-85920 kc_col-sm-5 kc_column kc_col-sm-5"><div class="kc-col-container"><div class="kc-elm kc-css-323460 kc_text_block"></p>
<p>
<strong>Les chambres vue sur le Mini-golf vous offrent une fenêtre sur la nature !</strong></p>
<p>Au Chalet au bord du lac vous pouvez oublier le bruit de la circulation, le stress et le quotidien. Nos chambres vue sur le mini-golf vous offriront une atmosphère calme et reposante. Ces cocons, pouvant accueillir d’1 à 4 personnes, respirent la tranquillité et possèdent tous une salle d’eau avec toilettes privatives.</p>
<p>
</div></div></div><div class="kc-elm kc-css-27304 kc_col-sm-3 kc_column kc_col-sm-3"><div class="kc-col-container">
<div class="kc-elm kc-css-385225 kc-title-wrap ">

	<h1 class="kc_title">LES CHAMBRES VUE SUR LE MINI GOLF</h1>
</div>

<div class="kc-elm kc-css-365154 divider_line">
	<div class="divider_inner divider_line1">
			</div>
</div>

<div class="kc-elm kc-css-503836 kc-title-wrap ">

	<h2 class="kc_title">Une fenêtre sur la nature </h2>
</div>
</div></div><div class="kc-elm kc-css-561518 kc_col-sm-4 kc_column kc_col-sm-4"><div class="kc-col-container"><div class="kc-elm kc-css-98643 kc_shortcode kc_single_image">

        <img decoding="async" src="https://chaletauborddulac.fr/wp-content/uploads/2020/09/CHAMBRE-VUE-GOLF-2-scaled.jpg" class="" alt="" />    </div>
</div></div></div></div></section><section class="kc-elm kc-css-762549 kc_row"><div class="kc-row-container  kc-container"><div class="kc-wrap-columns"><div class="kc-elm kc-css-504413 kc_col-sm-12 kc_column kc_col-sm-12"><div class="kc-col-container"><div class="kc-elm kc-css-643409" style="height: 51px; clear: both; width:100%;"></div></div></div></div></div></section><section class="kc-elm kc-css-573723 kc_row"><div class="kc-row-container  kc-container"><div class="kc-wrap-columns"><div class="kc-elm kc-css-397003 kc_col-sm-5 kc_column kc_col-sm-5"><div class="kc-col-container"><div class="kc-elm kc-css-332477 kc_shortcode kc_single_image">

        <img decoding="async" src="https://chaletauborddulac.fr/wp-content/uploads/2020/06/chambre-pmr-1.jpeg" class="" alt="" />    </div>
</div></div><div class="kc-elm kc-css-169880 kc_col-sm-3 kc_column kc_col-sm-3"><div class="kc-col-container">
<div class="kc-elm kc-css-517847 kc-title-wrap ">

	<h1 class="kc_title">LES CHAMBRES POUR LES PERSONNES A MOBILITÉ RÉDUITE </h1>
</div>

<div class="kc-elm kc-css-295543 divider_line">
	<div class="divider_inner divider_line1">
			</div>
</div>

<div class="kc-elm kc-css-65041 kc-title-wrap ">

	<h2 class="kc_title">Quand le fonctionnel rencontre la douceur</h2>
</div>
</div></div><div class="kc-elm kc-css-167350 kc_col-sm-4 kc_column kc_col-sm-4"><div class="kc-col-container"><div class="kc-elm kc-css-66209 kc_text_block"></p>
<p>
<strong>Vous serez enthousiasmé par nos chambres PMR, en deux mots : douceur et accessibilité.<em> </em></strong></p>
<p>La décoration et l’agencement ont été pensés pour que votre séjour se passe sans encombre. Les larges salles d’eau et toilettes privatives faciliteront votre escale au Chalet au bord du lac. En bref, nos deux chambres PMR, pouvant accueillir deux personnes, sont synonymes de vacances sans soucis !</p>
<p>
</div></div></div></div></div></section><section class="kc-elm kc-css-636928 kc_row"><div class="kc-row-container  kc-container"><div class="kc-wrap-columns"><div class="kc-elm kc-css-614877 kc_col-sm-12 kc_column kc_col-sm-12"><div class="kc-col-container"><div class="kc-elm kc-css-129672" style="height: 99px; clear: both; width:100%;"></div></div></div></div></div></section><section class="kc-elm kc-css-480808 kc_row"><div class="kc-row-container  kc-container"><div class="kc-wrap-columns"><div class="kc-elm kc-css-727534 kc_col-sm-12 kc_column kc_col-sm-12"><div class="kc-col-container">
<div class="kc-elm kc-css-825270 kc-title-wrap ">

	<h2 class="kc_title">NOS SERVICES</h2>
</div>
</div></div></div></div></section><section class="kc-elm kc-css-805707 kc_row"><div class="kc-row-container  kc-container"><div class="kc-wrap-columns"><div class="kc-elm kc-css-333905 kc_col-sm-12 kc_column kc_col-sm-12"><div class="kc-col-container"><div data-open-on-mouseover="" data-tab-active="1" data-effect-option="" class="kc-elm kc-css-261376 kc_tabs group">
	<div class="kc_wrapper ui-tabs kc_clearfix">
		<ul class="kc_tabs_nav ui-tabs-nav kc_clearfix">
			<li><a href="#" data-prevent="scroll">Prêt de matériels</a></li><li><a href="#" data-prevent="scroll">Loisirs au Chalet au bord du lac</a></li><li><a href="#" data-prevent="scroll">Equipements</a></li><li><a href="#" data-prevent="scroll">Informations pratiques</a></li>		</ul>
		<div id="pret-de-materiels" class="kc-elm kc-css-903748 kc_tab ui-tabs-panel kc_ui-tabs-hide kc_clearfix "><div class="kc_tab_content"><div class="kc-elm kc-css-282813 kc_text_block"></p>
<p>
<strong>Sur demande à la réception :</strong></p>
<p>Sèches cheveux</p>
<p>Ventilateurs</p>
<p>Multi prises</p>
<p>
</div></div></div><div id="loisirs-au-chalet-au-bord-du-lac" class="kc-elm kc-css-747233 kc_tab ui-tabs-panel kc_ui-tabs-hide kc_clearfix "><div class="kc_tab_content"><div class="kc-elm kc-css-208438 kc_text_block"></p>
<p>Le chalet au bord du lac possède une salle de jeux commune en rez-de-jardin avec baby-foot, billard, ping-pong …</p>
<p>L’été nous mettons à disposition gratuitement au client de l’hôtel : un pédalo, un canoë et une barque (port du gilet de sauvetage obligatoire, sous réserve de disponibilité).</p>
<p><strong>INDISPONIBLES POUR CAUSES SANITAIRES</strong></p>
<p>
</div></div></div><div id="equipements" class="kc-elm kc-css-594597 kc_tab ui-tabs-panel kc_ui-tabs-hide kc_clearfix "><div class="kc_tab_content"><div class="kc-elm kc-css-496980 kc_text_block"></p>
<p>
Parking privé et gratuit pour nos clients.</p>
<p>Pour faciliter le séjour des petits et des grands au Chalet au bord du lac, sur demande nous pouvons équiper les chambres d&#039;un lit et d&#039;une baignoire pour bébé et nous disposons de chaises hautes au restaurant.</p>
<p>Possibilité de louer un lève personne chez un prestataire de Gérardmer (livraison au Chalet avant votre arrivée).</p>
<p>
</div></div></div><div id="informations-pratiques" class="kc-elm kc-css-464020 kc_tab ui-tabs-panel kc_ui-tabs-hide kc_clearfix "><div class="kc_tab_content"><div class="kc-elm kc-css-369907 kc_text_block"></p>
<p>
Nos amis les animaux ne sont pas admis dans l&#039;établissement.</p>
<p>
</div></div></div>	</div>
</div>


</div></div></div></div></section></p>
